visor of p and s.
47
Let r be 95/(-25) - (-16)/20. Let q be 767/13 + r/1. What is the greatest common factor of q and 21?
7
Suppose -4*x - 4 = 0, -m + 101 = 25*x - 27*x. Let s be (-1 - 0)/((-3)/27). What is the greatest common factor of m and s?
9
Let s(j) be the third derivative of 8*j**6/15 + 13*j**5/60 - 13*j**4/12 + j**3/6 + 4*j**2 + 12. Let x be s(2). Calculate the highest common factor of x and 19.
19
Suppose 4*d - 2*b = -26, 2*d + 3*b = -12 + 11. Let m(j) = -32*j - 90. Let w be m(d). Calculate the highest common factor of 50 and w.
10
Let l = -209 - -226. Suppose 0 = -s + 19 - 1. Suppose -l*a = -20*a + s. What is the highest common factor of a and 66?
6
Let v(i) = -85*i + 682. Let y be v(7). What is the greatest common factor of 8961 and y?
87
Suppose -53*j - 1603 = -3157 - 2686. Let w be (-4)/18 + (-1375)/9. Let o = 353 + w. Calculate the highest common divisor of j and o.
40
Suppose -2*f + 4*f = 238. Let i = -90 + 369. Suppose 15*x + 24 - i = 0. Calculate the highest common factor of x and f.
17
Suppose 1790 = 19*u + 433 - 1151. Calculate the greatest common divisor of 5412 and u.
132
Let i be (56/(-2) + 0)/(52/(-6227)). Calculate the greatest common factor of i and 21.
7
Suppose 5*m - 5*o = 615, 10*o - 139 = -m + 7*o. Suppose 81 = -126*t + m*t. What is the greatest common factor of 18 and t?
9
Let n be 3*(-2)/(-3) - 2. Let b be (-10 + 2)*-3 - n. Suppose -4*w = -4*u - 748, -79*w + 87*w + 4*u - 1556 = 0. What is the greatest common factor of w and b?
24
Suppose 0 = -3*u + 2*h + 1215, -2*u - 3*h + 1134 = 311. Calculate the highest common divisor of 275 and u.
11
Let r = 14 + -14. Let z(n) be the second derivative of -n**3/6 + 10*n**2 - n. Let p be z(r). Calculate the highest common factor of p and 50.
10
Let n = 9510 + -9472. Calculate the highest common factor of n and 1558.
38
Let g(l) = -226*l + 22. Let m be g(-3). Suppose -m = -5*f - 4*a, 4*a = 5*f + 2*a - 730. Calculate the highest common factor of f and 9.
9
Let l(k) = 9*k**2 + 73*k + 2. Let c be l(-8). Let r be (8/c)/(((-96)/(-756))/(-2)). Let t = 17 + 4. Calculate the highest common divisor of r and t.
21
Let y(n) = 4*n - 32. Let v be y(16). Let l = -264 + 424. What is the greatest common factor of l and v?
32
Suppose -4*d = 4*u - 3392, -3*u - 4*d + 312 = -2248. Let o(k) = -k**3 - 4*k**2 - 8. Let l be o(-6). What is the greatest common divisor of l and u?
64
Let f(g) = 5*g**3 - 23*g**2 - 4*g - 7. Let s be ((-30)/(-35) - -5) + 3/21. Let c be f(s). Calculate the greatest common divisor of 85 and c.
17
Let z(h) = -3*h**2 + 62*h + 64. Let m be z(20). Calculate the highest common factor of 221 and m.
13
Suppose 39589 = -114*b - 85*b + 157397. What is the greatest common factor of 370 and b?
74
Let z(o) = -467*o - 14965. Let w be z(-81). Calculate the highest common divisor of w and 142.
142
Let f = -2699 + 2715. What is the greatest common divisor of f and 448?
16
Let o(y) = -y**2 + 15*y + 274. Let b be o(25). What is the highest common divisor of 2616 and b?
24
Let v(z) = -7*z + 91. Let a be v(8). Let b be (-2)/(-5) + 426/(-15). Let o = a - b. Calculate the greatest common factor of 9 and o.
9
Let h = -160 - -163. Let k = h - -31. Calculate the highest common divisor of 85 and k.
17
Suppose -3*h - 2 = 4*r, -12 = -2*h - 5*r + 9*r. Suppose 30 = -h*p + 150. Calculate the highest common divisor of p and 12.
12
Suppose 279*o - 280*o - 4*t + 57 = 0, 4*t + 174 = 2*o. Suppose 2*c - 5 = -1. Suppose 0 = 2*v + c*v - 44. What is the highest common factor of v and o?
11
Let v be (-14)/((-4)/40*4). Let t = 64 - v. What is the highest common divisor of t and 406?
29
Suppose 23 = 4*l + 5*m, 6*l + 5*m = l + 25. Suppose l*z + 1 - 21 = 0. Let x be 964/z + (-4)/10. What is the highest common divisor of x and 32?
32
Suppose 62 + 573 = 118*n - 309. Let k be ((-2)/(-4))/(5/30). Suppose -k*p + 20 = -4. Calculate the highest common divisor of p and n.
8
Let j = 10527 + -10410. What is the highest common divisor of j and 5031?
117
Let c be 0 - 18/(-21) - (16 - 6028/154). Calculate the highest common factor of 1038 and c.
6
Let t(z) = -11*z + 146. Let q be t(-10). Let m = 274 - q. What is the greatest common divisor of m and 18?
18
Suppose 145*s - 1867 = 47*s - 397. What is the highest common factor of s and 15120?
15
Let c = -131 - -155. Let z be (-45)/(-6)*(-2)/(-9)*c. Suppose z*m = 37*m + 432. What is the highest common divisor of m and 16?
16
Let x(h) = -97*h - 2484. Let u be x(-36). What is the greatest common factor of 238 and u?
14
Suppose -15*l = 417 - 4677. Let w = 348 - l. Calculate the highest common divisor of 1 and w.
1
Suppose -39 = -5*f - 2*i, -4*i - 3 = -0*f + f. Let o(k) = 24*k - 24. Let t be o(4). Calculate the highest common factor of t and f.
9
Let r(p) = 47*p**3 + 12*p**2 - 16*p - 12. Let y be r(2). Let v be (-1 - 14)/((-45)/60). What is the greatest common divisor of y and v?
20
Let o(p) = -p - 4. Let t be o(-4). Let d be -5 - (-10 + 0 + t). What is the highest common factor of 95 and d?
5
Let o be (-2 - 72/(-10))/((-18)/(-630)). Calculate the highest common divisor of o and 130.
26
Suppose 2*u - 346 = -3*n, 4*u + 2*n - 684 = -0*u. Let t be ((-1)/2)/(14475/500 - 29). Calculate the greatest common factor of t and u.
10
Suppose 4*y - 583 = -5*t - 111, -4*t + 3*y = -390. Calculate the greatest common divisor of 84 and t.
12
Suppose -2*t + 2*o = 4*o + 40, 5*o = -t - 28. Let x be (-2 - 71/(-2)) + 9/t. Let q = -29 + x. Calculate the highest common factor of 32 and q.
4
Let a(k) = k**2 - 4*k + 6. Let r be a(4). Let b be (-1 - -39) + 8/(-5 + 1). Calculate the greatest common divisor of r and b.
6
Let m = -25 + 29. Suppose y - 20 = -m*y. Suppose -4*p - 2*g = 3*g - 445, 0 = 3*p + y*g - 334. Calculate the highest common divisor of p and 10.
10
Suppose 71*l - 104748 = -45*l. Calculate the highest common factor of l and 21.
21
Suppose 19*k - 724 = 15*k. Let h = -171 + k. Let n be 100/(-6)*12/(-10). Calculate the highest common factor of n and h.
10
Let x = -525 + 606. What is the greatest common divisor of x and 5?
1
Suppose 28*k - 1603 + 1015 = 0. Let t be -14*((-316)/8 + 5). Calculate the greatest common divisor of t and k.
21
Let g be (58 - 117)/((-2)/6). Suppose -2*u + 2*f + 940 = 0, 0 = 4*u + f - 1568 - 322. Calculate the highest common divisor of g and u.
59
Suppose 53*u = 157*u - 362752. What is the greatest common divisor of u and 128?
32
Suppose -7*v + 576 = -27137. Suppose -3960*x + v*x + 17 = 0. Let m = -19 - -104. What is the highest common factor of m and x?
17
Let z(t) = 197*t - 2. Let v be z(7). Let u be v*(2/4 + (-15)/90). What is the highest common divisor of u and 27?
27
Let m = 20 - 12. Suppose 244 = -5*j - i, 0*j + 5*j = 4*i - 249. Let b = -33 - j. What is the highest common factor of b and m?
8
Let v(b) = -3*b**3 - 11*b**2 + 47*b - 22. Let p be v(-8). What is the highest common divisor of p and 28?
14
Suppose 205 = 4*a + 3*t, -11*t = a - 6*t - 47. What is the greatest common factor of 1066 and a?
26
Suppose -4*l + 56 = 16. Suppose 103 = 5*y + 23. Calculate the greatest common divisor of l and y.
2
Let u = -2504 - -2533. Calculate the greatest common factor of 29 and u.
29
Suppose -5*v + 51*a + 33 = 49*a, 0 = 5*a - 5. Calculate the greatest common divisor of v and 73.
1
Let q be ((-82)/123)/(((-2)/18)/((-1703)/(-2))). Calculate the greatest common factor of 195 and q.
39
Let t = 3780 + -3757. What is the highest common factor of t and 3841?
23
Let j be (-1 + -2)/(3/(-15)). Let i be ((-4)/2)/(29/7975). Let g = i - -555. What is the highest common factor of j and g?
5
Let n be ((-10)/7)/(702/(-4914)). Calculate the greatest common divisor of 905 and n.
5
Let h(y) = 3*y + 3. Let m be h(4). Suppose 52*j - 23086 = 66*j. Let c = 1664 + j. What is the greatest common factor of c and m?
15
Suppose 18*x + 997 = 5*g + 14*x, 4*g - x - 802 = 0. What is the greatest common divisor of g and 6097?
67
Let f be (1 + 171/45)*20/(-6). Let c be ((-16)/(-10))/(f/(-200)). Calculate the greatest common divisor of 160 and c.
20
Let m be 1/3 - (-235)/15. Suppose -5*j + 43 = -3*c - m, -3*j - 2*c + 24 = 0. Let s be 1/(-2) + 14/(-28) + 111. What is the greatest common factor of j and s?
10
Suppose 0 = -4*f + 5*f. Suppose -3*q = 5*s - 17, 2*s + 4*q - 14 = 4*s. Let c be (f + 2 + 5)/s. What is the highest 